 a?
4
Let a = -16950 - -38793. What is the thousands digit of a?
1
Let l = 59753 + -14215. What is the units digit of l?
8
Let d(u) = -2*u**3 - 19*u**2 - 35*u + 2. Let y be d(-7). Suppose 3*i = -4*p + 2092, 0*i + 4*p - 1400 = -y*i. What is the hundreds digit of i?
6
Suppose -v - 3*l + 3 = 2*v, v - 7 = -3*l. What is the tens digit of (3/v)/((-27)/28692)?
9
Let s = 8544 + 4688. What is the ten thousands digit of s?
1
Let q = -376 + 686. Suppose q - 1720 = -15*p. What is the units digit of p?
4
Suppose 3*x - 6 = 0, -46*s + 42*s = -3*x - 52862. What is the hundreds digit of s?
2
Let u be -65 - (-8 - -7)*(2 - 2). What is the tens digit of u/195 + (-4286)/(-6)?
1
Suppose 41*o - 148*o + 4705218 = 0. What is the hundreds digit of o?
9
Suppose 3*m + 15 = 0, 4*m + 38 = 3*c + 9. Let q be (c + -5 - 0) + 7. Suppose 5*l - 453 = 2*y + 44, 492 = q*l + 3*y. What is the units digit of l?
9
Let u(b) = b**2 + 23*b + 44. Suppose -45 = -a - 66. Let s be u(a). Suppose -r = 2*j - 115, 4*j - s*j + 611 = 5*r. What is the hundreds digit of r?
1
Let q(c) be the first derivative of -c**4/4 + 4*c**3 + 6*c**2 + 16*c + 54. What is the units digit of q(-6)?
2
What is the hundreds digit of 13678/((-57)/(-76) + 95/(-180))?
5
Let g(l) = 58*l + 2. Let s be g(3). Let y = s + 189. What is the units digit of y?
5
Suppose 2*l - 3*r = 2237, l + 4*r = 4*l - 3356. Suppose -g + l = 3*g. Suppose g = 2*n - 2*z, 596 = 4*n + 4*z + z. What is the units digit of n?
4
Let g = -33 - -27. Let z be ((-8)/g)/(2/(-6)). What is the tens digit of (3 + -243)/(-3) - z?
8
Let m be (80/(-100))/((-2)/5). Suppose -3*f - m*f = 2055. What is the units digit of f/(-18) + 1/6?
3
Let v(u) = -u**3 - 3*u**2 + 3*u + 12. Let s be v(-3). Suppose s*z = -190 - 2. Let f = 138 + z. What is the tens digit of f?
7
Suppose -3*r - b - 109 + 407 = 0, -2*r + 204 = 2*b. Suppose 0 = -112*w + r*w + 2786. What is the hundreds digit of w?
1
Suppose -3*o - 10994 = -21*i + 20*i, 5*i = 4*o + 54970. What is the thousands digit of i?
0
Let i be (24/(-4 - -6))/2. Suppose 2*m = -i, -6*m + 2*m = 3*x - 15. What is the tens digit of 63 + x - (2 + -1)?
7
Let t = 7673 - 6312. What is the thousands digit of t?
1
Suppose 2*m + 4 = -0, 0 = -4*j - 3*m + 11106. What is the thousands digit of j?
2
Let q = -438 + 448. What is the units digit of q/(-135) - (-4943)/27?
3
Suppose -288 = -k - 33. Let p(n) = -5*n**3 - 3*n**2 + 4*n - 1. Let w be p(-4). Suppose 5*o - w = k. What is the tens digit of o?
0
Let v be (((-25)/(-15))/5)/((-8)/(-53808)). Suppose -3*m + 5*p + v = 0, 5*m - 5380 = 2*p - 1656. What is the units digit of m?
4
What is the units digit of 30 + -29 - (2806*8/(-4) - 0)?
3
Suppose 5*u = -5, 4*u = -9*h + 167257 + 192658. What is the ten thousands digit of h?
3
Let y(l) = 11*l**3 + 2*l**2 - 17*l + 3. Let i(s) = 2*s**3 - s - 1. Let f(q) = 6*i(q) - y(q). What is the hundreds digit of f(6)?
2
Let b = 16 + -8. Let t(h) be the first derivative of 2*h**2 - 7*h - 937. What is the units digit of t(b)?
5
Suppose -7*a - 72 = -10*a + 5*r, -72 = -3*a + r. Let s = 7 - 36. Let j = a - s. What is the tens digit of j?
5
Let i be 14642*4/104 + (-2)/13. Let v = i + -9. Suppose -184 - v = -6*j. What is the hundreds digit of j?
1
Let q = -86 + 26. Let o = q + 65. Let f = 210 + o. What is the hundreds digit of f?
2
Suppose -3*f - 3*q = 3261, -2*q + 17 = 13. What is the units digit of ((f/55)/11)/(2/(-10))?
9
Let v be -3*(-20)/75 + (-12)/(-10). Suppose -5*r - 2*l + 351 + 290 = 0, -5*r + v*l = -629. What is the tens digit of r?
2
Let f(m) = 548*m - 1016. What is the thousands digit of f(14)?
6
Suppose 0 = m - a - 12, 5*m = a - 46 + 90. What is the units digit of (-807)/(-2) - (-9 + 68/m)?
4
Let m be (-4*3/3)/(-1). Let c(f) = 25*f**2 + 7*f - 22. What is the hundreds digit of c(m)?
4
Suppose -179*y + 3408 = -187*y. Let i = y - -678. What is the units digit of i?
2
Suppose p + 5*p = -12*p. Suppose p = -2*b + 3*b - 4*q - 112, 2*q - 106 = -b. What is the tens digit of b?
0
Suppose 0 = d - 5*c - 4148 - 1068, -5*c + 15708 = 3*d. What is the tens digit of d?
3
Suppose 29*a = 22*a + 427. Let g = a - -118. What is the hundreds digit of g?
1
Let z = 14395 - 5595. What is the hundreds digit of z?
8
Suppose -75704 + 9670 - 17256 = -10*h. What is the thousands digit of h?
8
Suppose -4*m + 20 = m. Let j = -10553 - -10781. Suppose -m*w + 56 + j = 0. What is the units digit of w?
1
Suppose -3*g = 4*n + 16, 10 = -5*n + 5*g - 10. What is the hundreds digit of 3396/5 - (-13)/((-65)/n)?
6
Suppose -g - 101 + 21 = 0. Let j be ((-4384)/g)/(4/(-10)). Let v = -117 - j. What is the units digit of v?
0
Suppose -13*d = -14*d + 2. Suppose 67 - 19 = 3*m. Let j = m + d. What is the tens digit of j?
1
Let l(r) = -1286*r - 6. Let s(o) = 3*o + 1. Let q(y) = -l(y) + 5*s(y). What is the tens digit of q(1)?
1
Let h = -11631 - -26120. What is the units digit of h?
9
Suppose 5*s - 1138 = 6*l - 4*l, -3*s - 2*l = -686. What is the units digit of s?
8
Let p(h) = 15*h - 22 + 3 - 11 - 3. Let v(s) = 7*s - 16. Let j(f) = -3*p(f) + 5*v(f). What is the hundreds digit of j(-13)?
1
Suppose -51*z + 50*z = 0. Suppose z = 7*g - 276 - 1985. What is the tens digit of g?
2
Suppose -z + 110 = -12*z. Let n = 16 - z. Suppose -17*f + n = -16*f. What is the units digit of f?
6
Suppose 25*i = 66*i - 252109. What is the thousands digit of i?
6
Let t(z) = -126*z - 203. Suppose -5*w - 5*s = -8*s + 23, -9 = 3*w + 3*s. What is the tens digit of t(w)?
0
Let d(v) = 20*v - 1567*v**2 + 1578*v**2 - 39 + 7. What is the hundreds digit of d(-10)?
8
Let i(w) = -2228*w - 2858. What is the ten thousands digit of i(-40)?
8
Suppose -2*f = -10, 8 = 4*w - f + 17. Let a be (-15 - 10)*(6/15)/w. What is the hundreds digit of (8/10)/(a/1300)?
1
Suppose -27*w + 73*w - 368 = 0. What is the hundreds digit of ((-3)/(-6) - (-4)/w) + 975?
9
Let l(g) = -2*g + 177. Let h be l(9). What is the tens digit of h + (6 - 1 - 3) + 2?
6
Suppose 173 = -3*w - 5*m, 88 = -3*w + 3*m - 77. Let g = -51 - w. Suppose -78 = -g*f + 307. What is the units digit of f?
7
Let m be 561 - (11/33 - 39/9). Let c = m - 108. What is the units digit of c?
7
Let z(n) = 8*n + 164. Let u be z(-21). Suppose 5*y + 19 = -21. What is the tens digit of u*(-57)/y*(-30)/9?
9
Let v = -296 - -286. What is the units digit of ((-310)/3)/((-3)/((-45)/v))?
5
What is the hundreds digit of ((-37355)/124)/((-1)/(-4))*(-1 - 16)?
4
Let d(g) = -g**3 - 24*g**2 - 149*g + 76. What is the units digit of d(-17)?
6
Let g be 6645/(-10)*((-4)/(-4) + 7). What is the units digit of 3*g/(-54) + 2/3?
6
Suppose 20*n - 7*n + 30*n - 113563 = 0. What is the thousands digit of n?
2
Let b be 925/15 - (-6)/18. Suppose 74*w - 11112 = b*w. What is the tens digit of w?
2
Let h(u) = 4*u**2 + 24*u + 37. Let y(f) = -888*f**2 + 49*f + 20 + 54 + 895*f**2. Let a(i) = 5*h(i) - 3*y(i). What is the tens digit of a(-18)?
2
Let k(h) = 2359*h + 5686. What is the units digit of k(17)?
9
Let w = -29211 - -32637. What is the tens digit of w?
2
Let m(k) be the first derivative of -k**4/4 - 8*k**3/3 + 73*k**2/2 - 12*k + 8. What is the tens digit of m(-16)?
6
Let c = 32791 + -19159. What is the hundreds digit of c?
6
Suppose 42 + 338 = -5*i. Let l = 4 + i. Let j = l - -180. What is the tens digit of j?
0
Let j(v) = 35*v + 0*v**2 - 5 + v**2 - 25*v. Let x be j(-12). Suppose -x*m = -23*m + 148. What is the tens digit of m?
3
Let j = 243 + -237. Let r(b) = 2*b**3 - 9*b**2 + 1. What is the units digit of r(j)?
9
Let g(s) = 508*s**2 - 76*s - 223. What is the thousands digit of g(-4)?
8
Suppose -3*x = 4*m - 2, 0*x = -2*x + m + 5. What is the units digit of 11*64/x*1?
2
What is the units digit of 158/5*((-1)/(-9) - (-481584)/864)?
7
Let d = -1400 - -2534. Suppose 46 = o + 5*l - d, 5*o = 3*l + 5984. What is the hundreds digit of o?
1
Let u = -312 + 642. Let t be ((-106)/5)/((-22)/u). Suppose 6*r - t = -2*x + 2*r, 5*x + r = 840. What is the tens digit of x?
6
Suppose 3*w - 22 = -4*i, 0 = 3*w + 8*i - 3*i - 26. Suppose 5*u = -w*s + 860, s - 430 = -0*u + u. What is the tens digit of s?
3
Let s(l) be the third derivative of l**4/12 - l**3 + 15*l**2. Let b be s(4). Suppose b*d = -4, -30 = -4*y - d + 6*d. What is the units digit of y?
5
Let q(l) = -2847*l + 2219. What is the tens digit of q(-8)?
9
Let q = -158565 - -228039. What is the tens digit of q?
7
Let o 